, 19
What are the prime factors of 7874?
2, 31, 127
List the prime factors of 51657.
3, 67, 257
What are the prime factors of 10483?
11, 953
List the prime factors of 69516.
2, 3, 1931
What are the prime factors of 12168?
2, 3, 13
List the prime factors of 3313.
3313
List the prime factors of 11497.
11497
List the prime factors of 597.
3, 199
List the prime factors of 50973.
3, 13, 1307
List the prime factors of 1244.
2, 311
What are the prime factors of 52483?
31, 1693
List the prime factors of 25752.
2, 3, 29, 37
What are the prime factors of 38070?
2, 3, 5, 47
What are the prime factors of 6093?
3, 677
List the prime factors of 772.
2, 193
List the prime factors of 59.
59
What are the prime factors of 7954?
2, 41, 97
What are the prime factors of 20470?
2, 5, 23, 89
List the prime factors of 84017.
84017
List the prime factors of 893.
19, 47
List the prime factors of 1775.
5, 71
What are the prime factors of 9151?
9151
What are the prime factors of 20775?
3, 5, 277
List the prime factors of 7705.
5, 23, 67
List the prime factors of 3867.
3, 1289
What are the prime factors of 1141?
7, 163
What are the prime factors of 1645?
5, 7, 47
List the prime factors of 5697.
3, 211
List the prime factors of 1202.
2, 601
What are the prime factors of 1716?
2, 3, 11, 13
What are the prime factors of 6445?
5, 1289
List the prime factors of 345.
3, 5, 23
What are the prime factors of 24403?
23, 1061
What are the prime factors of 9877?
7, 17, 83
List the prime factors of 5704.
2, 23, 31
List the prime factors of 19088.
2, 1193
What are the prime factors of 746?
2, 373
What are the prime factors of 395?
5, 79
What are the prime factors of 1543?
1543
List the prime factors of 643.
643
List the prime factors of 139166.
2, 149, 467
What are the prime factors of 5868?
2, 3, 163
List the prime factors of 129.
3, 43
What are the prime factors of 9035?
5, 13, 139
List the prime factors of 62904.
2, 3, 2621
What are the prime factors of 484?
2, 11
What are the prime factors of 16185?
3, 5, 13, 83
What are the prime factors of 46031?
191, 241
What are the prime factors of 10091?
10091
What are the prime factors of 3796?
2, 13, 73
List the prime factors of 444.
2, 3, 37
List the prime factors of 2628.
2, 3, 73
List the prime factors of 9933.
3, 7, 11, 43
List the prime factors of 27413.
79, 347
List the prime factors of 14792.
2, 43
List the prime factors of 26234.
2, 13, 1009
List the prime factors of 29226.
2, 3, 4871
What are the prime factors of 3682?
2, 7, 263
What are the prime factors of 8544?
2, 3, 89
List the prime factors of 13802.
2, 67, 103
List the prime factors of 8528.
2, 13, 41
List the prime factors of 617.
617
What are the prime factors of 55325?
5, 2213
What are the prime factors of 18344?
2, 2293
List the prime factors of 761.
761
What are the prime factors of 21107?
21107
List the prime factors of 2787.
3, 929
What are the prime factors of 897?
3, 13, 23
List the prime factors of 134439.
3, 41, 1093
What are the prime factors of 35622?
2, 3, 1979
What are the prime factors of 53329?
17, 3137
List the prime factors of 39769.
39769
List the prime factors of 5127.
3, 1709
What are the prime factors of 1341?
3, 149
What are the prime factors of 609?
3, 7, 29
List the prime factors of 41573.
7, 5939
What are the prime factors of 83077?
83077
What are the prime factors of 5364?
2, 3, 149
List the prime factors of 38395.
5, 7, 1097
List the prime factors of 37221.
3, 19, 653
List the prime factors of 1874.
2, 937
What are the prime factors of 75?
3, 5
What are the prime factors of 1898?
2, 13, 73
What are the prime factors of 148?
2, 37
What are the prime factors of 1070?
2, 5, 107
What are the prime factors of 45242?
2, 22621
List the prime factors of 24818.
2, 12409
What are the prime factors of 181?
181
What are the prime factors of 19211?
19211
List the prime factors of 117.
3, 13
List the prime factors of 25248.
2, 3, 263
List the prime factors of 2931.
3, 977
What are the prime factors of 1051?
1051
What are the prime factors of 22592?
2, 353
What are the prime factors of 47799?
3, 47, 113
List the prime factors of 10935.
3, 5
What are the prime factors of 396?
2, 3, 11
List the prime factors of 2444.
2, 13, 47
List the prime factors of 753.
3, 251
List the prime factors of 54096.
2, 3, 7, 23
What are the prime factors of 3799?
29, 131
What are the prime factors of 194?
2, 97
What are the prime factors of 2556?
2, 3, 71
List the prime factors of 5257.
7, 751
What are the prime factors of 6667?
59, 113
List the prime factors of 8456.
2, 7, 151
What are the prime factors of 18660?
2, 3, 5, 311
List the prime factors of 67547.
67547
List the prime factors of 157282.
2, 19, 4139
List the prime factors of 83692.
2, 7, 61
List the prime factors of 1395.
3, 5, 31
What are the prime factors of 37522?
2, 73, 257
What are the prime factors of 1629?
3, 181
List the prime factors of 2111.
2111
What are the prime factors of 641?
641
List the prime factors of 2937.
3, 11, 89
What are the prime factors of 1126?
2, 563
List the prime factors of 217.
7, 31
What are the prime factors of 1823?
1823
List the prime factors of 6884.
2, 1721
What are the prime factors of 1069?
1069
What are the prime factors of 549?
3, 61
List the prime factors of 1776.
2, 3, 37
List the prime factors of 1181.
1181
List the prime factors of 4549.
4549
List the prime factors of 3074.
2, 29, 53
List the prime factors of 14041.
19, 739
List the prime factors of 551.
19, 29
What are the prime factors of 67639?
11, 13, 43
List the prime factors of 375.
3, 5
List the prime factors of 374.
2, 11, 17
What are the prime factors of 2382?
2, 3, 397
List the prime factors of 27111.
3, 7, 1291
List the prime factors of 82431.
3, 43, 71
List the prime factors of 2530.
2, 5, 11, 23
List the prime factors of 25799.
25799
List the prime factors of 377.
13, 29
List the prime factors of 1333.
31, 43
List the prime factors of 622.
2, 311
List the prime factors of 115653.
3, 19, 2029
What are the prime factors of 39977?
7, 5711
List the prime factors of 1144.
2, 11, 13
List the prime factors of 9783.
3, 1087
List the prime factors of 10399.
10399
What are the prime factors of 1784?
2, 223
What are the prime factors of 2876?
2, 719
List the prime factors of 2722.
2, 1361
List the prime factors of 3050.
2, 5, 61
List the prime factors of 7311.
3, 2437
List the prime factors of 218.
2, 109
What are the prime factors of 591?
3, 197
What are the prime factors of 12274?
2, 17, 19
List the prime factors of 5068.
2, 7, 181
What are the prime factors of 4734?
2, 3, 263
What are the prime factors of 103?
103
List the prime factors of 8478.
2, 3, 157
List the prime factors of 1176.
2, 3, 7
List the prime factors of 403.
13, 31
List the prime factors of 145698.
2, 3, 7, 3469
List the prime factors of 2401.
7
List the prime factors of 22968.
2, 3, 11, 29
What are the prime factors of 30859?
30859
What are the prime factors of 1460?
2, 5, 73
What are the prime factors of 19070?
2, 5, 1907
List the prime factors of 124889.
71, 1759
What are the prime factors of 67194?
2, 3, 3733
What are the prime factors of 200521?
239, 839
List the prime factors of 343.
7
List the prime factors of 637.
7, 13
What are the prime factors of 8290?
2, 5, 829
What are the prime factors of 5914?
2, 2957
What are the prime factors of 29372?
2, 7, 1049
What are the prime factors of 5666?
2, 2833
List the prime factors of 9179.
67, 137
What are the prime factors of 5748?
2, 3, 479
List the prime factors of 1994.
2, 997
List the prime factors of 1425.
3, 5, 19
What are the prime factors of 1117?
1117
List the prime factors of 681.
3, 227
List the prime factors of 27294.
2, 3, 4549
What are the prime factors of 14826?
2, 3, 7, 353
List the prime factors of 185.
5, 37
List the prime factors of 11644.
2, 41, 71
List the prime factors of 31632.
2, 3, 659
List the prime factors of 1856.
2, 29
List the prime factors of 287.
7, 41
List the prime factors of 4166.
2, 2083
List the prime factors of 22992.
2, 3, 479
List the prime factors of 11888.
2, 743
What are the prime factors of 13449?
3, 4483
What are the prime factors of 35830?
2, 5, 3583
What are the prime factors of 779?
19, 41
What are the prime factors of 43482?
2, 3, 7247
List the prime fact